{"id":7646,"date":"2026-01-07T11:56:46","date_gmt":"2026-01-07T11:56:46","guid":{"rendered":"https:\/\/www.zsdl.pl\/?page_id=7646"},"modified":"2026-01-08T07:04:15","modified_gmt":"2026-01-08T07:04:15","slug":"microsoft-logowanie-do-komputera-domeny","status":"publish","type":"page","link":"https:\/\/www.zsdl.pl\/?page_id=7646","title":{"rendered":"Microsoft &#8211; logowanie do komputera (domeny)"},"content":{"rendered":"\n<p>W szkole funkcjonuje system logowania do domeny. Ka\u017cdy u\u017cytkownik (nauczyciel, ucze\u0144 lub pracownik administracyjny) musi zalogowa\u0107 si\u0119 do komputera na podstawie indywidualnie nadanego loginu i has\u0142a w domenie @edu.zsdl.pl (np. imie.nazwisko@edu.zsdl.pl).<\/p>\n\n\n\n<p>Po zalogowaniu si\u0119 ka\u017cdy u\u017cytkownik mo\u017ce korzysta\u0107 z aplikacji Office 365 wed\u0142ug planu A1 (opis znajduje si\u0119 tutaj: <a href=\"https:\/\/www.microsoft.com\/pl-pl\/education\/products\/office\" target=\"_blank\" rel=\"noreferrer noopener\">https:\/\/www.microsoft.com\/pl-pl\/education\/products\/office<\/a>. Zawiera internetowe wersje podstawowych aplikacji: Outlook, Word, Excel, PowerPoint, OneNote.<\/p>\n\n\n\n<p>Dane, kt\u00f3re b\u0119d\u0105 zapisywane na pulpicie i moich dokumentach b\u0119d\u0105 automatycznie zapisywane w chmurze. Ka\u017cdy u\u017cytkownik mo\u017ce dodatkowo korzysta\u0107 z aplikacji i danych na swoim prywatnym komputerze po zalogowaniu si\u0119 w przegl\u0105darce: <a href=\"https:\/\/login.microsoftonline.com\/common\/oauth2\/v2.0\/authorize?client_id=4765445b-32c6-49b0-83e6-1d93765276ca&amp;redirect_uri=https%3A%2F%2Fwww.office.com%2Flandingv2&amp;response_type=code%20id_token&amp;scope=openid%20profile%20https%3A%2F%2Fwww.office.com%2Fv2%2FOfficeHome.All&amp;response_mode=form_post&amp;nonce=639034510663550904.ZTZjN2FlMjItYzhiYy00YjgxLWE5NjItZGJkMThlMzhiNWI0ZmUzMTU5NjktNzU1Mi00ZWFmLTk5NjctMWU2OTY4ZDEyMzIy&amp;ui_locales=pl&amp;mkt=pl&amp;client-request-id=0d26003f-6ad0-4a15-8520-4d119f211b3f&amp;state=70Q-RGLzBigwe2ZGbmLQkc1zL8igwg1L-_kIer-ax_2Tfdi0rt6DAWELWIUgUKsn5xGALYwyVeGJJLeLpwZYvCucYJ5lTTxVWPK8KAbHxW_3T4VQH_diG10PZUc32ZD5E1lQHkmvz7kn_P_6w4MZPse09IHx4Jis7tiWW-1K3zMk0AK7rVlOhqYTgyuW_EPtSu09cmWOPapFOzbnoYvzOSZexYozGb4mgXdfjZV8NKaSQh4GEfCCYmI5eChuaqgDuacYyjyDk4YsT-dxQje0so9spBgFWM6x_ijOyIR7pwF5ZGpgBWmVFmEQB-6hJyTq5aHu4JFuVlkPCVkA3z-j7WO4J-BDXOZOsMLIvu6U2yx2jpjoAPhgjrzLT2RFhnUjyiII-Dk_kuwcyvuMqVKKL6aSUkfqrGpyDhWweKkaNb1LTETqIoA2X96dnj3FNYjIbmU7LJEL8DjqCLP8w7Y3gg&amp;x-client-SKU=ID_NET8_0&amp;x-client-ver=8.5.0.0\" target=\"_blank\" rel=\"noreferrer noopener\">LINK DO LOGOWANIA TUTAJ<\/a><\/p>\n\n\n\n<p>Poczta wysy\u0142ana z adresu szkolnego @edu.zsdl.pl podlega polityce w Szkole Podstawowej w D\u0119bowej \u0141\u0105ce. Konta nauczycielski lub administracyjne nie maj\u0105 ogranicze\u0144 odno\u015bnie wysy\u0142ania i otrzymywania. Ka\u017cdy pracownik administracyjny i nauczyciel musi mie\u0107 w\u0142\u0105czon\u0105 weryfikacj\u0119 dwuetapow\u0105. Szczeg\u00f3\u0142y w\u0142\u0105czenia znajduj\u0105 si\u0119 <a href=\"https:\/\/support.microsoft.com\/pl-pl\/account-billing\/u%C5%BCywanie-weryfikacji-dwuetapowej-na-koncie-microsoft-c7910146-672f-01e9-50a0-93b4585e7eb4\" target=\"_blank\" rel=\"noreferrer noopener\">TUTAJ<\/a>.<\/p>\n\n\n\n<p>Natomiast zosta\u0142o ograniczona mo\u017cliwo\u015b\u0107 wysy\u0142ania i odbierania poczty na kontach uczniowskich. Ka\u017cdy ucze\u0144 mo\u017ce wysy\u0142a\u0107 poczt\u0119 i j\u0105 odbiera\u0107 z okre\u015blonych domen. <a href=\"https:\/\/www.zsdl.pl\/?page_id=7656\">Spis domen znajduje si\u0119 tutaj > SPIS ODBLOKOWANYCH DOMEN UCZNIOWSKICH<\/a> (w razie potrzeby administrator mo\u017ce odblokowa\u0107 inne domeny, natomiast wymagana jest zgoda Dyrektora Szko\u0142y).<\/p>\n\n\n\n<p>W razie problem\u00f3w odno\u015bnie korzystania z konta szkolnego prosz\u0119 o kontakt z administratorem za pomoc\u0105 <a href=\"https:\/\/www.zsdl.pl\/?page_id=2458\" target=\"_blank\" rel=\"noreferrer noopener\">tego formularza (ZG\u0141O\u015a AWARIE)<\/a>. Informujemy, \u017ce odpowiedzi udzielane s\u0105 tylko na skrzynki w domenie szkolnej: @zsdl.pl, @uczen.zsdl.pl, @edu.zsdl.pl. Formularz znajduje si\u0119 <a href=\"https:\/\/www.zsdl.pl\/?page_id=2458\" target=\"_blank\" rel=\"noreferrer noopener\">TUTAJ<\/a>.<\/p>\n\n\n\n<p><\/p>\n","protected":false},"excerpt":{"rendered":"<p>W szkole funkcjonuje system logowania do domeny. Ka\u017cdy u\u017cytkownik (nauczyciel, ucze\u0144 lub pracownik administracyjny) musi zalogowa\u0107 si\u0119 do komputera na podstawie indywidualnie nadanego loginu i has\u0142a w domenie @edu.zsdl.pl (np. imie.nazwisko@edu.zsdl.pl). Po zalogowaniu si\u0119 ka\u017cdy u\u017cytkownik mo\u017ce korzysta\u0107 z aplikacji Office 365 wed\u0142ug planu A1 (opis znajduje si\u0119 tutaj: https:\/\/www.microsoft.com\/pl-pl\/education\/products\/office. Zawiera internetowe wersje podstawowych aplikacji: [&hellip;]<\/p>\n","protected":false},"author":1,"featured_media":7667,"parent":2458,"menu_order":0,"comment_status":"closed","ping_status":"closed","template":"","meta":{"footnotes":""},"class_list":["post-7646","page","type-page","status-publish","has-post-thumbnail","hentry"],"_links":{"self":[{"href":"https:\/\/www.zsdl.pl\/index.php?rest_route=\/wp\/v2\/pages\/7646","targetHints":{"allow":["GET"]}}],"collection":[{"href":"https:\/\/www.zsdl.pl\/index.php?rest_route=\/wp\/v2\/pages"}],"about":[{"href":"https:\/\/www.zsdl.pl\/index.php?rest_route=\/wp\/v2\/types\/page"}],"author":[{"embeddable":true,"href":"https:\/\/www.zsdl.pl\/index.php?rest_route=\/wp\/v2\/users\/1"}],"replies":[{"embeddable":true,"href":"https:\/\/www.zsdl.pl\/index.php?rest_route=%2Fwp%2Fv2%2Fcomments&post=7646"}],"version-history":[{"count":7,"href":"https:\/\/www.zsdl.pl\/index.php?rest_route=\/wp\/v2\/pages\/7646\/revisions"}],"predecessor-version":[{"id":7668,"href":"https:\/\/www.zsdl.pl\/index.php?rest_route=\/wp\/v2\/pages\/7646\/revisions\/7668"}],"up":[{"embeddable":true,"href":"https:\/\/www.zsdl.pl\/index.php?rest_route=\/wp\/v2\/pages\/2458"}],"wp:featuredmedia":[{"embeddable":true,"href":"https:\/\/www.zsdl.pl\/index.php?rest_route=\/wp\/v2\/media\/7667"}],"wp:attachment":[{"href":"https:\/\/www.zsdl.pl\/index.php?rest_route=%2Fwp%2Fv2%2Fmedia&parent=7646"}],"curies":[{"name":"wp","href":"https:\/\/api.w.org\/{rel}","templated":true}]}}